ose -5*z - 2*w - 30 = -107, 0 = z + 4*w - 19. Give l(z).
-12
Let i(b) be the first derivative of b**4/12 + 4*b**3/3 + b**2 - 66*b + 50. Let f(w) be the first derivative of i(w). Give f(-6).
-10
Let g(i) be the first derivative of -i**4/4 + i**3 + 8*i + 13602. What is g(4)?
-8
Let t(m) = m**3 - 15*m**2 - m + 17. Let h = 79 - 64. Let x be t(h). Let u(j) = 7 + 4*j - 1 + 0 - j**x - 5. Determine u(3).
4
Suppose 3*i + 32 = 7*i. Suppose x - i + 2 = 0. Let t(s) = 4*s + 2. Let y(p) = -5*p - 2. Let d(q) = -6*t(q) - 5*y(q). Determine d(x).
4
Suppose -4 = -2*n + 8. Suppose -19*u + 6*u = -1092. Let k(v) = 80 - 4*v**3 - u - 6*v + 7*v**2 + 3*v**3. Determine k(n).
-4
Let p(y) = y - 5. Let k be p(11). Let r(d) = -d**2 - 3 + 3*d**2 - 331*d + 316*d + 8. Determine r(k).
-13
Suppose 2*r + 424 = 454. Let n(c) = 22*c + 3 - r*c - c. What is n(3)?
21
Let k(s) = 12*s**3 - 12*s**2 + 6*s + 21. Let y(n) = -5*n**3 + 6*n**2 - 2*n - 10. Let p(d) = 2*k(d) + 5*y(d). Determine p(5).
27
Let b(p) = -p**3 - p**2 - 2*p. Let v(x) = -5*x**3 + 7*x**2 - 10*x - 3. Let k(j) = -4*b(j) + v(j). Calculate k(11).
-25
Let y(k) = 29 - 64 + 88 + 7*k. Determine y(-8).
-3
Let o = -3687 - -3696. Let g(f) = 5*f - 9. Determine g(o).
36
Let v(u) be the second derivative of u**5/20 - 7*u**4/6 + 3*u**3/2 + 65*u**2/2 - 398*u - 3. Determine v(13).
13
Let r be 459/(-34) - 3/(-2). Let f(z) be the second derivative of -z**3/3 - 19*z**2/2 + 2*z + 34. Give f(r).
5
Let b(r) = -5*r**3 - 10*r**2 + 23*r - 5. Let y(f) = -f**3 - 3*f**2 + 6*f - 1. Let a = -100 + 98. Let u(g) = a*b(g) + 9*y(g). Calculate u(6).
13
Let t be (-7)/(4 + (-172)/44). Let a be (-4)/(-14) + 22/t. Let v(w) = -w + 2 + a*w + 3*w - 9*w. Determine v(3).
-19
Let j be 864/3024*7/(-2)*(1 - 3). Let x(p) be the first derivative of -1/3*p**3 + 1/2*p**j + 4 + p. What is x(3)?
-5
Let z(c) = 4*c**2 - 1. Let l be z(1). Let w(h) = -2*h + 0*h + 3 - l*h + 2*h. Let r be (12/(-14))/((-9)/(-42)). Give w(r).
15
Let c(q) = 1 - 15*q + q - 88*q**3 + 175*q**3 - 88*q**3 + 14*q**2 + 13*q. What is c(14)?
-13
Let f = 150 - 142. Let d(i) = 14*i - 38. Let g(k) = -5*k + 13. Let j(n) = -5*n + 13. Let s(x) = 5*g(x) - 6*j(x). Let y(m) = -4*d(m) + 11*s(m). What is y(f)?
1
Let m(r) be the second derivative of 43*r - 1/3*r**3 + 0 + 3/5*r**5 - r**2 - 1/12*r**4. Determine m(-1).
-13
Suppose 14*k = 3764 + 7254. Let m = k - 791. Let b(d) = 3*d - 2. Calculate b(m).
-14
Let w(y) = -2*y**2 - 6 + y**3 - 4*y + 4 + 6*y**2. Let g be (32/(-24) - -3)/((-3)/(-45)). Let s = g + -30. What is w(s)?
-7
Suppose 10*c = 8*c + 52. Let w(v) = -v + 11 - c + 12. Let s(i) = -i + 15. Let k be s(19). What is w(k)?
1
Let v(i) = -6184*i + 3079*i + 12 + 0 + 23 + 3092*i. Determine v(12).
-121
Suppose 13*k - 5*k = 32. Let m(t) = -11*t - 10*t - k + 20*t + 19. Let q(u) = u - 16. Let n(v) = 7*m(v) + 6*q(v). Calculate n(0).
9
Let g(f) = -6 - 6*f - f**2 + 1 + 13*f. Let a = 716 + -714. Let m be ((-14)/(-35))/(a/20). Give g(m).
7
Let x(q) = 9 + q - 10 + 0*q. Let g(p) = -p + 20. Let i = 76 - 63. Let c be g(i). Give x(c).
6
Let u(b) = -b**2 + 6*b + 72. Let t be u(0). Let p = t + -78. Let d(j) = -j**3 - 5*j**2 + 4*j - 2. Give d(p).
10
Let h(g) = g**2 + 3*g - 76. Let i(o) = 2*o**2 + 5*o - 140. Let a(f) = -11*h(f) + 6*i(f). Suppose 16 = d + 3*d. What is a(d)?
0
Suppose -112*f + 962 = -830. Let m(n) be the second derivative of 0 + 2/3*n**3 + f*n - 2*n**2 - 1/12*n**4. Calculate m(4).
-4
Let l(z) be the first derivative of 2*z**2 - 5*z + 2. Suppose 5*c + 3*k - 220 = 0, -4*k - 9 = -2*c + 53. Suppose -28*y + c = -71. Give l(y).
11
Let h be 3/(-6) - ((-10)/30 - (-30)/36). Let q(l) = -l**3 - 3*l - 2. What is q(h)?
2
Let k(b) = b**3 - 4*b**2 + b + 2. Let w(f) = -3*f**3 + 9*f**2 - 16*f + 14. Let s(r) = -4*k(r) - w(r). Give s(9).
-76
Suppose -v - 5 = -5*j - 2, 2*j = 2. Let w(b) = -7*b - 4*b + b**v + 3*b - 9. Let q = -9690 - -9698. Determine w(q).
-9
Let n(f) = -f**2 + f - 1. Let q(u) = -5*u**2 + 6*u - 4. Let l(x) = 6*n(x) - q(x). Let i(y) = -44 - 37 - 31 + 31*y - 9. Let s be i(4). What is l(s)?
-11
Let n(k) be the first derivative of -3*k**2/2 - 2169. Give n(-7).
21
Let x(n) be the second derivative of -3*n**3/2 + 3*n**2/2 + 4*n - 3. Let a(m) = -m**3 + 25*m**2 + 25*m + 28. Let f be a(26). What is x(f)?
-15
Let t be -3 - 0 - (-4)/2. Let n(a) be the second derivative of -2*a**3 - a**2/2 + 160*a + 8. Calculate n(t).
11
Let k(s) = s**2 - 3*s + 85. Let h(z) = z + 36. Let l(i) = 3*h(i) - k(i). Give l(9).
-4
Let h(j) = 35*j**3 + j**2 + j. Suppose -26 = m - 5*v, -3*m + m = -8*v + 42. Determine h(m).
-35
Let d(c) = -7*c**3 + 9*c**2 + 13*c + 15. Let t(p) = -2*p**3 + p + 2. Let s(o) = -d(o) + 4*t(o). Determine s(-8).
1
Let l = -778 - -783. Suppose 20 = -2*h + 6*h - 3*k, 2*h + 2*k + 4 = 0. Let u(c) = c**2 + 6 - l*c + 12*c - h*c. Give u(-4).
2
Let n(m) = m**3 + 10*m**2 + 5*m - 17. Let a be n(-9). Let t(u) = -1 + 2*u**2 + 0 + a*u**3 - 5*u**3. Let s be (3/(-12))/(5 + (-95)/20). What is t(s)?
-13
Let u(f) = -3*f - 3. Let p(v) = -v**2 + 5*v - 2. Let k be p(4). Let s(a) = a**3 - a**2 - 1. Let b be s(k). Determine u(b).
-12
Let s(f) = f**3 + 6*f**2 - 8*f + 1. Suppose -4*g - 4 = -4*v - 8, -4*v + 44 = 4*g. Suppose 8*x + 98 = -g*x. Give s(x).
8
Suppose -5*d = -2*b + 68, -5*b + 4*d = 199 - 335. Let r(o) = -o**2 + 24*o - 2. Determine r(b).
-2
Let j(y) be the third derivative of -y**6/40 + y**5/60 - y**3/3 + 2507*y**2 - y - 2. Calculate j(2).
-22
Let v = -2181 - -2179. Let l(z) = 5*z**2 + 12*z + 2. Calculate l(v).
-2
Suppose 8*w = 15*w. Let k(h) = -h**2 + 6*h + 5. Let g be k(w). Let a(s) = -s - 33 + 38 - 2*s. Determine a(g).
-10
Let v(k) = k**2 - 11*k - 9. Let g = 475 - 373. Let w = g + -90. What is v(w)?
3
Let o(b) = b**2 - 6*b - 2. Suppose -156*g = -193*g + 222. What is o(g)?
-2
Let q(h) = -2*h - h - h**3 - 5*h**2 - 5 + 4*h. Suppose -c = 2*a + 2272, 3*a + 3408 = 61*c - 58*c. Let l = 1131 + a. Calculate q(l).
-10
Let n(q) = -11*q**3 + 2*q**2 - 61*q + 10. Let u(h) = 9*h**3 - h**2 + 56*h - 8. Let k(g) = 5*n(g) + 6*u(g). Calculate k(8).
-6
Let s(f) = f - 2*f + 5*f - 1. Let p be 15735/4196*8/5. Determine s(p).
23
Let y(i) = 262*i - 13354. Let u be y(51). Let m(p) be the third derivative of p**6/120 - 2*p**5/15 + p**4/24 - 5*p**3/3 + 2*p**2. What is m(u)?
-2
Let a(z) = 13*z**2 + 2*z - 3. Let q be a(1). Let c(k) = -36 + q + 26 - k + 2*k**3. Determine c(-2).
-12
Let t(p) = -6*p - 54. Suppose 22*v - 23*v - 2*x - 20 = 0, -25 = 5*x. What is t(v)?
6
Let a(n) = -n - 2. Let h be a(-3). Let o(c) = -6*c - 5*c + 12*c + h. What is o(-3)?
-2
Let k(w) be the third derivative of -w**4/6 + w**3 + 1148*w**2. Calculate k(3).
-6
Let q(d) = -7*d**3 - 26*d + 26. Let r be q(1). Let w(j) = j**3 + 5*j**2 - 15*j - 8. Give w(r).
-1
Suppose -2*g + 9 + 1 = 0, 11 = 2*q + g. Let l be q - (-3 + -12) - -2. Suppose -5*v + l = -9*v. Let u(d) = -d**2 - 4*d + 2. Give u(v).
-3
Let z(v) = v**2 + 11*v + 8. Let b = 13 - -91. Let r = 94 - b. Determine z(r).
-2
Let j(n) = n**3 + 5*n**2 - 9*n + 5. Let g(m) = -m**3 - 6*m**2 + 9*m - 2. Let v(y) = 3*g(y) + 2*j(y). Suppose -60*s = -64*s - 36. Determine v(s).
4
Let i(c) = -c**3 + 7*c**2 - 7*c + 9. Suppose -108 = 8*j - 17*j. Let d be (j/7)/((-132)/(-462)). What is i(d)?
3
Let j(h) be the third derivative of -h**6/120 - 2*h**5/5 - 5*h**4/4 - 55*h**3/2 + 18*h**2 + 2*h - 1. What is j(-23)?
-4
Let h(y) = -75*y**2 - 37*y**2 - 4*y - 7 + 115*y**2. What is h(5)?
48
Let b(i) = -i**2 - 10*i - 21. Let r be b(-7). Suppose -7*z + 14 = -r. Suppose -4*q + 28 = 4*w, 5*w + 4*q - 26 = z*w. Let d(t) = -6*t - 1. Give d(w).
-13
Let t = 2723 + -2710. Let q(d) = d**3 - 11*d**2 - 24*d - 25. Determine q(t).
1
Suppose 2*p = 4*p + 6. Let z(y) be the second derivative of -y**4/4 + 5*y**3/6 + 3*y**2/2 - 66*y + 27. Determine z(p).
-39
Let n(g) = 3*g**2 - 8*g + 20. Let q(l) = -2*l**2 + 5*l - 13. Let j(s) = s + 5. Let k be j(3). Let c(y) = k*q(y) + 5*n(y). Calculate c(5).
-29
Let x(f) = -2*f. Let m(i) = -2 - 2 - 12*i - 6*i - 4*i + 5. Let y(s) = -m(s) + 5*x(s). Give y(1).
11
Let x(l) = 10*l - 9. Let c be (2/28)/(313/8764). Give x(c).
11
Let c(a) be the third derivative of -a**6/720 + a**5/20 - 71*a**4/24 + 66*a**2. Let b(t) be the second derivative of c(t). Give b(-7).
13
Let c(v) = 31960 - 6*v - 63966 + 31713. Calculate c(-51).
13
Let c be -3*((-96)/9 - -11). Let l(o) = 7*o - 5. Let z(i) 